+ 9*a**2 + 13*a + 9. What is the remainder when t(-5) is divided by 15?
14
Let b(j) = -j**3 - 5*j**2 - j - 6. Let q be b(-5). Let o = q - -12. Let z = o + -5. What is the remainder when 21 is divided by z?
3
Let g = -133 + 235. What is the remainder when g is divided by 21?
18
Let j = -8 + 11. Let d be 0/((-5 - -3)*1). Suppose 4*v + 8 = 5*v - 3*h, d = -5*v + h + 26. What is the remainder when v is divided by j?
2
Let t(j) = j - 6. Let k be t(6). Suppose k = 5*i - 2*b - 5, -2*i + b - 7 = -8. Calculate the remainder when 11 is divided by i.
2
Calculate the remainder when 262 is divided by (152/(-10))/(10/(-25)).
34
Let a = -28 + 64. Let w(p) = p**2 - 3*p - 20. Let h be w(-4). Suppose -6*n = -h*n + 38. What is the remainder when a is divided by n?
17
Let r(m) = -6*m - 85. Calculate the remainder when 209 is divided by r(-23).
50
Let m be (0 + (-25)/3)/(6/18). What is the remainder when (2/(-4))/((-2)/96) is divided by 4/(m/(-7) + -3)?
3
Let v(h) = -h**3 - 23*h**2 - 25*h + 33. What is the remainder when v(-22) is divided by 22?
11
Suppose -5*f = -4*t + 39, -3*t + 7*f - 12*f = -73. Calculate the remainder when t is divided by 11.
5
Suppose -22 = 2*x - 8*i + 3*i, -3*x + 2*i - 11 = 0. What is the remainder when 24/56 - ((-1114)/(-14))/x is divided by 41?
39
Suppose -219 = -2*l + 3*u, -3*l + 4*u - 2*u = -336. What is the remainder when l is divided by 65?
49
Let c = 15 + -11. Suppose -3*z = 46 + 29. Let t = c - z. Calculate the remainder when t is divided by 6.
5
Let v = -52 + 56. What is the remainder when 34 is divided by v?
2
Let w = -35 - -49. Suppose -w*l = -13*l - 20. What is the remainder when 99 is divided by l?
19
Let b(f) = -f**3 - 16*f**2 - 2*f - 28. Let k be b(-16). What is the remainder when 33 + -1 + 4/(k/4) is divided by 12?
0
Let y be (1 + 0)/(((-72)/136)/9). Let m(i) = -i - 1. What is the remainder when 141 is divided by m(y)?
13
Let s(f) = -f**2 + 13*f - 20. Suppose 2*p - 2*z + 59 = 11, 4*z - 116 = 5*p. Let v = 30 + p. Calculate the remainder when 29 is divided by s(v).
9
Suppose -k - 465 = -2*k. Suppose -3*c + 8*c = k. Calculate the remainder when c is divided by 32.
29
Suppose 5*v + 21 = -0*d + 4*d, -4*v - 12 = -2*d. Suppose d*o = 7 + 9, 0 = -5*l - 3*o + 132. What is the remainder when 70 is divided by l?
22
Let o = -10 - -15. Let y = -15 - -64. Let i = y + -31. What is the remainder when i is divided by o?
3
Suppose 4*g = -8*c + 5*c + 34, -3*c - 3*g + 39 = 0. Calculate the remainder when 10/(-45) - (-1264)/c is divided by (0 - 0) + 36/2.
16
Suppose j + 4*j = 60. Let y = 97 + -78. What is the remainder when y is divided by (-66)/(-10) + j/30?
5
Let y be 0 - 15/(-5)*5. Let d(f) = -f + 44. What is the remainder when 144 is divided by d(y)?
28
Suppose -6*h = 11 - 29. Suppose f - 41 = 6*t - t, h*t - 121 = -5*f. Calculate the remainder when f is divided by 9.
8
Suppose 1 = 5*u - 84. Let j = -39 - -42. Suppose 2*a - 4*a + 130 = 4*h, 5*h - j*a = 168. What is the remainder when h is divided by u?
16
Let w = 89 - 61. Let t = 255 - 146. What is the remainder when t is divided by w?
25
Let q be (-16)/16*4/(-1). What is the remainder when 1800/99 + q/(-22) is divided by (4/(-2) - -1) + 11?
8
Suppose 177 = 2*d - 17. Calculate the remainder when d is divided by 26.
19
Let g(q) = q**2 - 13*q + 64. Suppose 2*j + 34 = 4*u - 6, -u + 3*j = 0. Calculate the remainder when g(7) is divided by u.
10
Let x(o) = -o**3 - 18*o**2 + 19*o + 30. What is the remainder when 147 is divided by x(-19)?
27
Suppose -3*l = 4*x - 641 + 162, -3*l + 484 = 5*x. Suppose 6*b - l = -3*b. What is the remainder when 43 is divided by b?
9
Suppose 54 = 5*y + 4. Suppose -y*d = -118 - 32. Calculate the remainder when d is divided by 4.
3
Let c = -39 + 57. Suppose y - 5*y - 44 = 0. Let h = y + c. What is the remainder when h is divided by 4?
3
Let u(f) = 7*f - 4. Let d = 1525 + -1404. Calculate the remainder when d is divided by u(5).
28
Suppose 2*x - 2 = 0, 0 = 5*y - 90*x + 89*x - 54. What is the remainder when 54 - (0/1)/1 is divided by y?
10
Let c(t) be the first derivative of t**2/2 + 7*t - 2. Suppose -5*i - 2*b = -5*b - 55, -i = 5*b + 17. What is the remainder when 42 is divided by c(i)?
12
What is the remainder when 169 is divided by (105/140)/((-3)/(-344))?
83
Let b = -277 + 290. What is the remainder when 19 is divided by b?
6
Let a be (-2 - -5)*(-67)/(-3). Suppose -9 - a = -4*x. Calculate the remainder when x is divided by 11.
8
Suppose -2*y = 4*h - 16, h - 5*y + 2 = -5. Suppose -7*v + 5*v = -4, -69 = -h*r - 3*v. What is the remainder when 39 is divided by r?
18
Let y(a) = -2*a**2 + 7*a + 90. Calculate the remainder when y(-5) is divided by 6*2/4*1.
2
Let w = -86 + 87. Let i(a) = 7*a**3 + 3*a**2 - a - 1. Suppose -4*d + 81 = -11. Calculate the remainder when d is divided by i(w).
7
Suppose -1001 = -5*s - 8*s. Suppose 3*y - 5 = 61. Let h = y + -6. What is the remainder when s is divided by h?
13
Let u(k) = k**2 + 60*k + 477. Let s = -72 + 159. Calculate the remainder when s is divided by u(-51).
15
Let m(b) = 73*b**2 + b + 1. Let o = 18 - 13. Suppose -f + 5*r = -4, 2*f - 1 = -2*r + o*r. What is the remainder when m(f) is divided by 19?
16
Let o(r) = -r**2 + 7*r - 6. Let b be o(11). Let m = -40 - b. Suppose -3*d + 50 = -y, -3*d - y + 4*y + 48 = 0. What is the remainder when d is divided by m?
7
Suppose -6*n - 1288 = -3988. Suppose 0 = -5*x - 0*x + n. Let i(l) = -l**3 + 6*l**2 + 10*l + 2. What is the remainder when x is divided by i(7)?
21
Let v(l) = -11*l + 7. Let f be v(-3). Let r = f - 15. What is the remainder when r is divided by 4?
1
Let w(n) = n + 1. Let f be w(-1). Calculate the remainder when 55 + (f - (-4)/2) is divided by (-2)/(-3)*1*540/24.
12
Suppose -46 = -4*z + v + 52, 2*z = 4*v + 42. Calculate the remainder when z is divided by 8.
1
Suppose -s - 411 = -d, 2*d - 5*s = 841 - 22. What is the remainder when d is divided by 13?
9
Suppose 5*z = -0*z + 5*i - 290, -2*z + 5*i = 104. Let p = z + 109. Calculate the remainder when p is divided by 10 + 1 - (-2 + 1).
11
Let b = -23 - -46. Let x = -17 + b. What is the remainder when -44*(2 - 6)/8 is divided by x?
4
Let w be (6/4)/(18/24). Suppose 0 = -w*o - q + 50, -o + 85 = 2*o + 4*q. Calculate the remainder when o is divided by 8.
7
Let a(y) = 939*y**3 - y**2 - 2*y + 1. Calculate the remainder when a(1) is divided by 47.
44
Let v = -735 + 752. What is the remainder when v is divided by 14?
3
Let m(f) = 7*f - 29. Let q be m(7). What is the remainder when 47 is divided by ((-90)/q)/((-3)/8)?
11
Let q = 52 + -38. Let l = q - -18. Calculate the remainder when 62 is divided by l.
30
Suppose -3*q = -6, o - 1 = -5*q + 9. Let g = o - -4. Suppose -4*c - 160 = -5*v + c, 2*v - 82 = -g*c. What is the remainder when v is divided by 13?
9
Suppose f = 5*r + 54, 126 = -25*f + 29*f - 2*r. Calculate the remainder when 83 is divided by f.
25
Suppose -2*q + 408 = 4*p, -4*q + 2*p + 925 - 119 = 0. Calculate the remainder when 615 is divided by q.
9
Let a(p) = -330*p - 328. Calculate the remainder when a(-2) is divided by 81.
8
Suppose -4*z = -2*z + 4*r + 28, 2*r = -5*z - 30. Let j(i) = 24*i - 166. Calculate the remainder when j(10) is divided by (19/z)/(1/(-4)).
17
Suppose 0 = 22*g - 18*g - 20. Calculate the remainder when 12/9*(-66)/(-4) is divided by g.
2
Suppose -3*p + 3*n + 213 = 0, -12*p - 3*n - 357 = -17*p. Calculate the remainder when 1366 is divided by p.
70
Let p(a) = 57*a**2 - a - 2. Let l be p(-1). Calculate the remainder when 9 is divided by 30/8 - (-14)/l.
1
What is the remainder when 35 is divided by -4*(12/(-36) + 2/(-3))?
3
Suppose -2*m - 426 = -4*t, 37*t - 238 = 35*t - 4*m. What is the remainder when t is divided by 29?
22
Let w = 63 - 54. Suppose 5*z - w*z = -60. Calculate the remainder when 27 is divided by z.
12
Suppose -29*f + 440 = -25*f. Calculate the remainder when f is divided by 58.
52
Let m = -384 + 411. What is the remainder when 80 is divided by m?
26
Let a = -695 - -699. Let b(y) = y - 9 + 6 + 26. Calculate the remainder when b(0) is divided by a.
3
Suppose -11*p - 209 = -30*p. Calculate the remainder when 15 is divided by p.
4
Suppose -3*f + 8 + 28 = 0. Suppose 3*j = -3 + f. Suppose j - 48 = -3*w. Calculate the remainder when 59 is divided by w.
14
Let v = -510 + 697. What is the remainder when v is divided by 